582231. Determine w(-81).
-165
Let q(w) = -2*w**2 + 589*w + 60899. What is q(-81)?
68
Let q(h) = -3*h**2 + 1050*h - 52178. What is q(60)?
22
Let n(h) = -135419*h - 406262. Give n(-3).
-5
Let u(k) = -2*k**2 + 54004*k - 539728. What is u(10)?
112
Let p(b) = -b**3 + 16*b**2 - 163*b + 2271. What is p(18)?
-1311
Let v(z) = -165*z**2 - 1146*z + 59. Determine v(-7).
-4
Let b(w) = w**3 + 6*w**2 - 411*w - 3929. Give b(-10).
-219
Let x(w) = -6*w**3 - 46*w**2 - 12*w - 124. What is x(-8)?
100
Let p(s) = -2*s**3 - 174*s**2 - 3130*s + 892. Give p(-26).
-200
Let k(p) = -2*p**2 - 271*p + 3109. What is k(11)?
-114
Let r(i) = -4388*i - 20856. Give r(-5).
1084
Let z(n) = -2878*n + 1142553. Calculate z(397).
-13
Let h(o) = o**2 + 3081*o + 169636. What is h(-56)?
236
Let g(y) = -2*y**3 + 212*y**2 - 181*y - 2040. Calculate g(105).
1005
Let g(z) = 50*z**2 + 5955*z + 156190. Give g(-39).
-5
Let z(r) = 16*r**2 + 19876*r - 398785. What is z(-1262)?
7
Let v(j) = -6*j**3 - 31*j**2 + j - 14. What is v(-3)?
-134
Let v(s) = 250*s**2 - 3661*s + 10993. Determine v(3).
2260
Let x(z) = 1103*z - 155520. Give x(141).
3
Let r(d) = 4320*d - 483797. Calculate r(112).
43
Let n(u) = 2*u**3 + 672*u**2 - 25936*u - 1196. What is n(35)?
-6
Let m(c) = -3308*c + 112466. Determine m(34).
-6
Let l(n) = -7*n - 138. What is l(26)?
-320
Let i(x) = 45*x**2 + 264*x - 245. Give i(1).
64
Let n(z) = -11*z**2 - 39*z - 351. Determine n(-13).
-1703
Let d(h) = -72009*h + 288108. Determine d(4).
72
Let o(g) = g**3 + 85*g**2 - 330*g + 198. What is o(3)?
0
Let o(n) = -2264*n - 54337. Give o(-24).
-1
Let y(v) = 203*v + 23669. Determine y(-117).
-82
Let a(k) = -18*k**2 + 2634*k + 37347. What is a(-13)?
63
Let k(r) = -13*r**3 - 248*r**2 + 244*r - 23. What is k(-20)?
-103
Let d(j) = 2*j**2 + 477*j + 6940. Calculate d(-224).
444
Let z(f) = -35*f**3 - 91*f**2 - 41*f - 15. Determine z(-2).
-17
Let g(y) = -y**3 + 24*y**2 + 588*y + 14. Determine g(39).
131
Let j(p) = p**3 - 2*p**2 - 85*p + 483. What is j(6)?
117
Let v(r) = 9980*r + 219588. Determine v(-22).
28
Let f(b) = -5925*b - 278445. What is f(-47)?
30
Let n(b) = -20*b**2 + 353*b + 475. Determine n(18).
349
Let y(b) = 12160*b + 60814. What is y(-5)?
14
Let k(r) = -2*r**2 - 90*r + 95. Determine k(-44).
183
Let s(c) = 54*c**2 + 3819*c + 3817. Determine s(-1).
52
Let d(h) = 11*h**2 - 254*h + 897. Calculate d(4).
57
Let n(f) = 3436*f - 22497. Determine n(7).
1555
Let x(i) = -1959*i + 197869. Calculate x(101).
10
Let g(r) = -8*r**2 + 4249*r + 924922. Calculate g(697).
3
Let i(d) = -87946*d + 175637. Determine i(2).
-255
Let z(b) = -b**2 - 23415*b + 93679. Determine z(4).
3
Let o(x) = 25*x**3 - 193*x**2 - 46*x - 16. Give o(8).
64
Let u(k) = -6014*k + 54253. Determine u(9).
127
Let m(g) = 2*g**2 - 653*g - 129411. Give m(-139).
-2
Let v(b) = -b**3 - 124*b**2 - 655*b + 311. Calculate v(-6).
-7
Let v(r) = -2086*r - 61423. Give v(-29).
-929
Let b(i) = -390*i**3 - 428221*i**2 - 1099*i - 1105. What is b(-1098)?
-7
Let b(f) = -f**3 + 16*f**2 + 1136*f - 18185. Give b(16).
-9
Let v(i) = 19*i**2 - 727*i - 146. What is v(38)?
-336
Let c(p) = -10556*p**2 - 52779*p + 13. Give c(-5).
8
Let n(y) = 937*y - 9273. What is n(11)?
1034
Let u(w) = 12*w**3 + 656*w**2 + 59*w + 15429. Give u(-55).
84
Let q(z) = -z**3 - 602*z**2 + 580*z - 13865. Determine q(-603).
4
Let f(m) = 50*m**3 + 25*m**2 - 44*m + 25. What is f(3)?
1468
Let a(y) = -4*y**2 - 646*y - 24940. What is a(-98)?
-48
Let r(g) = 6*g**2 - 1364*g + 882. Give r(226).
-926
Let y(s) = -48*s**2 - 45*s - 367. Calculate y(-6).
-1825
Let c(w) = 56*w + 632. Give c(-8).
184
Let y(b) = 2*b**3 + 110*b**2 - 434*b + 2272. Give y(-59).
30
Let w(z) = -599*z**3 - 5*z - 2. Determine w(1).
-606
Let f(j) = j**2 + 102*j + 1804. Determine f(-75).
-221
Let o(y) = y**2 - 14932*y - 16203166. Calculate o(-1016).
2
Let q(v) = -3*v**3 + 257*v**2 - 169*v - 13. Give q(85).
72
Let t(s) = 382*s - 1575. Give t(3).
-429
Let n(w) = -w**3 + 66*w**2 - 144*w + 1097. Determine n(63).
3932
Let h(v) = 2299*v - 126417. What is h(55)?
28
Let t(s) = 2*s**3 + 2091*s**2 + 16595*s - 37. Calculate t(-8).
3
Let z(f) = -1094*f + 13046. Calculate z(12).
-82
Let j(r) = -r**3 - 28*r**2 + 643*r + 17740. Give j(-24).
4
Let y(q) = 834*q + 42522. Give y(-51).
-12
Let v(s) = 64*s + 1319. What is v(-13)?
487
Let s(k) = 1225*k**2 - 73499*k + 144. Give s(60).
204
Let c(b) = 12033*b + 1371732. Calculate c(-114).
-30
Let v(u) = -2*u**2 - 76541*u + 688973. Calculate v(9).
-58
Let s(t) = 272*t + 7092. What is s(-27)?
-252
Let q(s) = 48*s**2 + 656*s + 638. Give q(-10).
-1122
Let w(q) = -422326*q - 1266977. What is w(-3)?
1
Let y(q) = 4*q**3 + 412*q**2 - 66120*q - 9. Calculate y(87).
-9
Let n(z) = -2*z**3 - 239*z**2 + 3297*z - 351. Determine n(-132).
45
Let c(l) = -117*l**2 - 8314*l - 325. Give c(-71).
172
Let z(q) = -53*q**2 - 383*q + 212. Calculate z(-8).
-116
Let x(f) = -f**3 + 96*f**2 - 1036*f - 3590. Give x(83).
-21
Let l(w) = -2*w**3 - 12*w**2 + 32*w - 61. Calculate l(4).
-253
Let n(b) = 13106*b - 14146. Determine n(1).
-1040
Let d(i) = -36770*i - 5552285. What is d(-151)?
-15
Let w(u) = 16*u**3 + 7*u**2 + 2*u - 29. Determine w(2).
131
Let x(o) = -2*o**3 - 269*o**2 + 157*o + 2421. Calculate x(-135).
-549
Let z(o) = o**2 - 23736*o + 3608193. What is z(153)?
-6
Let j(f) = -14*f**2 + 76*f + 414. Determine j(-5).
-316
Let z(g) = 24989*g - 74834. Determine z(3).
133
Let s(r) = -3*r**2 + 57*r + 502. Calculate s(-9).
-254
Let y(c) = -22*c**2 - 576*c - 1060. Calculate y(-2).
4
Let n(j) = -13933*j - 139366. What is n(-10)?
-36
Let b(w) = -w**2 - 2858*w + 80856. Determine b(28).
48
Let s(u) = -14047*u - 3652204. Give s(-260).
16
Let g(l) = l**2 - 360*l + 351. Give g(359).
-8
Let z(p) = 7*p**2 + 524*p - 9189. Determine z(15).
246
Let f(z) = z**3 + 25*z**2 + 18*z - 5. Determine f(-1).
1
Let i(r) = -26061*r + 729682. Give i(28).
-26
Let h(k) = k**3 + 224*k**2 - 12494*k - 19977. Determine h(-270).
3
Let y(u) = -215*u**2 - 2989*u + 114. What is y(-14)?
-180
Let c(j) = 13*j**2 + 1705*j + 6816. Calculate c(-4).
204
Let x(i) = 154862*i - 619208. What is x(4)?
240
Let a(t) = -406*t**2 + 128*t + 128. Calculate a(-1).
-406
Let z(h) = 23975*h - 622855. Give z(26).
495
Let o(j) = -2*j**2 - 865*j - 77599. Calculate o(-127).
-2
Let g(l) = -l**3 + 85*l**2 - 48*l - 2392. Determine g(84).
632
Let n(u) = 22677*u - 181347. What is n(8)?
69
Let o(w) = -w**3 + 398*w**2 - 9322*w + 277. Calculate o(373).
1396
Let f(k) = -6*k**2 + 165*k + 183. What is f(18)?
1209
Let i(c) = c**3 - 5*c**2 + 509*c - 3729. Determine i(7).
-68
Let w(b) = 9*b**3 + b**2 - 46117*b + 46115. What is w(1)?
8
Let h(s) = -16*s**3 - 2047*s**2 + 106*s - 2794. What is h(-128)?
22
Let b(j) = 2*j**3 + 398*j**2 + 1988*j + 9236. What is b(-194)?
-76
Let z(p) = 11*p**3 + 1331*p**2 + 4*p + 94. Calculate z(-121).
-390
Let o(v) = -13*v**2 + 7176*v + 21396. What is o(-3)?
-249
Let g(c) = 955014*c + 8595114. Give g(-9).
-12
Let j(k) = 3572*k + 15171. What is j(-4)?
883
Let c(y) = -44*y - 8766. Determine c(-203).
166
Let z(s) = s**3 - 9*s**2 - 33*s + 18. Calculate z(13).
265
Let o(r) = 24*r**2 + 716*r + 233. What is o(0)?
233
Let r(m) = m**2 + 25504*m + 51004. Determine r(-2).
0
Let r(g) = 174341*g + 697328. Calculate r(-4).
-36
Let k(p) = -1313*p + 1312. Give k(1).
-1
Let z(v) = 2553*v - 3940. Give z(1).
-1387
Let r(l) = 330*l - 8138. Determine r(30).
1762
Let z(s) = -8522*s - 110819. Determine z(-13).
-33
Let n(u) = -u**3 - 17*u**2 - 179*u - 2426. Give n(-15).
-191
Let t(u) = -u**3 - 68*u**2 - 73*u + 4473. Give t(-66).
579
Let i(d) = -59786*d + 956557. Give i(16).
-19
Let g(s) = -52*s**2 + 1131*s + 276. Calculate g(22).
-10
Let t(u) = -2*u**2 - 394*u - 5221. Determine t(-180).
899
Let u(g) = -10*g**2 + 2319*g + 11570. What is u(-5)?
-275
Let a(r) = -2*r**3 + 72872*r**2 + 291513*r - 20. What is a(-4)?
8
Let c(n) = -361012*n - 361022. Calculate c(-1).
-10
Let c(y) = -1430235*y - 4290716. Calculate c(-3).
-11
Let a(c) = -210*c + 890. Give a(5).
-160
Let h(a) = -a**2 + 15*a + 22. Calculate h(61).
-2784
Let u(k) = -147*k**2 - 4261*k + 19. Determine u(-29).
-39
Let q(t) = -2*t**3 + t**2 + 38*t - 63. Determine q(5).
-98
Let y(t) = -58*t**2 - 444*t - 269. Give y(-7).
-3
Let o(i) = -41*i**2 - 33879*i - 33872. Calculate o(-1).
-34
Let b(d) = 9108*d - 300551. Give b(33).